 732?
3
What is the thousands digit of 86072?
6
What is the units digit of 8390?
0
What is the units digit of 1080?
0
What is the ten thousands digit of 19176?
1
What is the units digit of 46449?
9
What is the tens digit of 56195?
9
What is the tens digit of 93657?
5
What is the tens digit of 15799?
9
What is the thousands digit of 3267?
3
What is the hundreds digit of 5080?
0
What is the thousands digit of 12002?
2
What is the hundreds digit of 38332?
3
What is the units digit of 74087?
7
What is the hundreds digit of 2510?
5
What is the units digit of 19739?
9
What is the hundreds digit of 25906?
9
What is the hundreds digit of 2288?
2
What is the hundreds digit of 761?
7
What is the units digit of 3462?
2
What is the thousands digit of 2398?
2
What is the units digit of 23375?
5
What is the hundreds digit of 2772?
7
What is the units digit of 2359?
9
What is the ten thousands digit of 10284?
1
What is the tens digit of 901?
0
What is the units digit of 1837?
7
What is the units digit of 15?
5
What is the thousands digit of 12736?
2
What is the units digit of 558?
8
What is the tens digit of 143?
4
What is the units digit of 10559?
9
What is the hundreds digit of 9482?
4
What is the units digit of 1313?
3
What is the tens digit of 4935?
3
What is the tens digit of 151362?
6
What is the ten thousands digit of 14069?
1
What is the hundreds digit of 13348?
3
What is the tens digit of 4615?
1
What is the units digit of 53780?
0
What is the tens digit of 2821?
2
What is the thousands digit of 3477?
3
What is the tens digit of 2765?
6
What is the hundreds digit of 32617?
6
What is the thousands digit of 2053?
2
What is the tens digit of 2330?
3
What is the units digit of 4619?
9
What is the units digit of 726?
6
What is the tens digit of 55803?
0
What is the ten thousands digit of 76519?
7
What is the thousands digit of 3415?
3
What is the ten thousands digit of 31281?
3
What is the ten thousands digit of 14428?
1
What is the thousands digit of 113237?
3
What is the units digit of 14794?
4
What is the hundreds digit of 1752?
7
What is the hundreds digit of 2202?
2
What is the tens digit of 1403?
0
What is the units digit of 412?
2
What is the thousands digit of 76664?
6
What is the units digit of 697?
7
What is the units digit of 2658?
8
What is the tens digit of 201?
0
What is the hundreds digit of 2893?
8
What is the thousands digit of 29383?
9
What is the thousands digit of 2693?
2
What is the tens digit of 168?
6
What is the tens digit of 400?
0
What is the tens digit of 5737?
3
What is the thousands digit of 8600?
8
What is the tens digit of 966?
6
What is the tens digit of 41740?
4
What is the hundreds digit of 15586?
5
What is the thousands digit of 17563?
7
What is the tens digit of 93030?
3
What is the units digit of 682?
2
What is the tens digit of 39766?
6
What is the hundreds digit of 829?
8
What is the units digit of 23033?
3
What is the units digit of 8456?
6
What is the thousands digit of 26879?
6
What is the tens digit of 11054?
5
What is the hundreds digit of 75681?
6
What is the hundreds digit of 4258?
2
What is the units digit of 3909?
9
What is the hundreds digit of 21746?
7
What is the tens digit of 24890?
9
What is the tens digit of 884?
8
What is the units digit of 1005?
5
What is the tens digit of 316?
1
What is the ten thousands digit of 78097?
7
What is the tens digit of 7677?
7
What is the hundreds digit of 1765?
7
What is the hundreds digit of 2150?
1
What is the tens digit of 3184?
8
What is the tens digit of 32333?
3
What is the tens digit of 18625?
2
What is the tens digit of 2051?
5
What is the tens digit of 399?
9
What is the hundred thousands digit of 122038?
1
What is the thousands digit of 166680?
6
What is the tens digit of 5441?
4
What is the tens digit of 241?
4
What is the hundreds digit of 4193?
1
What is the units digit of 18240?
0
What is the thousands digit of 3076?
3
What is the tens digit of 180?
8
What is the hundreds digit of 1532?
5
What is the hundreds digit of 1633?
6
What is the units digit of 788?
8
What is the units digit of 36868?
8
What is the units digit of 36018?
8
What is the tens digit of 692?
9
What is the hundreds digit of 1704?
7
What is the units digit of 442?
2
What is the hundreds digit of 20748?
7
What is the tens digit of 4017?
1
What is the units digit of 30703?
3
What is the hundreds digit of 79964?
9
What is the tens digit of 26036?
3
What is the units digit of 1482?
2
What is the tens digit of 2056?
5
What is the thousands digit of 22867?
2
What is the tens digit of 2101?
0
What is the tens digit of 1861?
6
What is the thousands digit of 2521?
2
What is the tens digit of 4453?
5
What is the tens digit of 106385?
8
What is the thousands digit of 21077?
1
What is the thousands digit of 35734?
5
What is the units digit of 870?
0
What is the units digit of 2771?
1
What is the units digit of 219?
9
What is the thousands digit of 2766?
2
What is the thousands digit of 1585?
1
What is the hundreds digit of 549?
5
What is the units digit of 946?
6
What is the tens digit of 4922?
2
What is the tens digit of 36822?
2
What is the tens digit of 447?
4
What is the tens digit of 34565?
6
What is the units digit of 1543?
3
What is the thousands digit of 1712?
1
What is the units digit of 49858?
8
What is the tens digit of 31299?
9
What is the thousands digit of 3438?
3
What is the ten thousands digit of 31829?
3
What is the units digit of 131?
1
What is the thousands digit of 1440?
1
What is the tens digit of 67187?
8
What is the hundreds digit of 3784?
7
What is the thousands digit of 54195?
4
What is the hundreds digit of 26144?
1
What is the thousands digit of 3451?
3
What is the tens digit of 55998?
9
What is the units digit of 22417?
7
What is the units digit of 9925?
5
What is the thousands digit of 1138?
1
What is the hundreds digit of 23702?
7
What is the hundreds digit of 28483?
4
What is the ten thousands digit of 11786?
1
What is the tens digit of 6063?
6
What is the tens digit of 1148?
4
What is the tens digit of 24383?
8
What is the hundreds digit of 581?
5
What is the ten thousands digit of 12390?
1
What is the ten thousands digit of 29372?
2
What is the hundreds digit of 8978?
9
What is the tens digit of 166?
6
What is the hundreds digit of 423?
4
What is the thousands digit of 38460?
8
What is the tens digit of 582?
8
What is the thousands digit of 6926?
6
What is the units digit of 378?
8
What is the hundreds digit of 244?
2
What is the thousands digit of 37313?
7
What is the thousands digit of 3882?
3
What is the thousands digit of 2258?
2
What is the tens digit of 4472?
7
What is the ten thousands digit of 23001?
2
What is the units digit of 121486?
6
What is the tens digit of 19700?
0
What is the tens digit of 10461?
6
What is the tens digit of 755?
5
What is the thousands digit of 2268?
2
What is the tens digit of 79841?
4
What is the units digit of 140720?
0
What is the units digit of 2079?
9
What is the tens digit of 766?
6
What is the hundreds digit of 928?
9
What is the hundreds digit of 6228?
2
What is the ten thousands digit of 47408?
4
What is the ten thousands digit of 20839?
2
What is the ten thousands digit of 123955?
2
What is the tens digit of 2021?
2
What is the thousands digit of 1293?
1
What is the ten thousands digit of 60113?
6
What is the ten thousands digit of 23949?
2
What is the units digit of 2771?
1
What is the tens digit of 1887?
8
What is the hundreds digit of 3355?
3
What is the tens digit of 184?
8
What is the hundreds digit of 5098?
0
What is the hundreds digit of 4161?
1
What is the hundreds digit of 23187?
1
What is the tens digit of 3788?
8
What is the units digit of 1379?
9
What is the ten thousands digit of 21381?
2
What is the hundreds digit of 2855?
8
What is the hundreds digit of 767?
7
What is the units digit of 7595?
5
What is the hundreds digit of 128091?
0
What is the units digit of 69358?
8
What is the ten thousands digit of 15110?
1
What is the hundreds digit of 47370?
3
What is the units digit of 731?
1
What is the tens digit of 8431?
3
What is the thousands digit of 73913?
3
What is the tens digit of 3668?
6
What is the hundreds digit of 49570?
5
What is the units digit of 61118?
8
What is the units digit of 5179?
9
What i